6 is divided by h.
8
Suppose 9*w - 30 = 4*w. Let b(a) = 5*a - 35. What is the remainder when b(9) is divided by w?
4
Let h = 32 + -59. Let o = -14 - h. Calculate the remainder when (4/(-6))/(2/(-114)) is divided by o.
12
Let n = -7 - -11. Suppose v - 538 = -n*o, -145 = -2*o - v + 123. What is the remainder when (-3 - o/(-6))*2 is divided by 10?
9
Let k(g) = g**3 - 5*g**2 + 11*g + 7. Calculate the remainder when k(5) is divided by 22.
18
Calculate the remainder when 2 + 77 + (-21)/(-7) is divided by 17.
14
Suppose l = 149 - 145. What is the remainder when 30 is divided by l?
2
Suppose 7*j - 10 = 2*j. Let f(z) = -13*z + 1. Let b(l) = -20*l + 1. Let u(v) = 5*b(v) - 8*f(v). Calculate the remainder when u(j) is divided by 2.
1
Let f = -12 + 74. Suppose 0 = 6*w + w - 112. Calculate the remainder when f is divided by w.
14
Let q = -3 + 7. Suppose -q*y + 3 = -17. Calculate the remainder when ((-13)/2)/((-2)/4) is divided by y.
3
Suppose -b = -2*b + 21. Calculate the remainder when b is divided by 12.
9
Let x = -3 + 67. Calculate the remainder when x is divided by 11.
9
Let s be (-3 - -2)/(1/(-32)). Suppose 3*q - s = q. Calculate the remainder when 28 is divided by ((-10)/(-8))/(2/q).
8
Suppose -4*s + 13 = f, 2*s - 2*f - 4 = -0*s. Let m(g) = 2*g + 12*g**2 - s - g + 2. Calculate the remainder when 22 is divided by m(1).
10
Let w(c) = -c**2 - 7*c - 3. Let p be w(-6). Suppose -x = p*o - 42, 2*x = -o + 7*x + 30. What is the remainder when o is divided by 6?
3
Let t(j) = 15*j + 1. What is the remainder when t(1) is divided by (-2)/1 + (0 - -8)?
4
Let n = -16 + 32. Let c = 81 - 50. Calculate the remainder when c is divided by n.
15
Suppose 2*d - 3*a = -4 + 112, 259 = 5*d - 2*a. Let j(c) = -c**2 + 6*c + 5. What is the remainder when d is divided by j(4)?
12
Let c = 24 + -21. Calculate the remainder when c is divided by 3.
0
Suppose 5*m - 42 - 83 = 0. Calculate the remainder when m is divided by 7.
4
Let c be ((-18)/(-7))/(1/7). Let m = c - 0. Calculate the remainder when (-1 + 0)/(4/(-208)) is divided by m.
16
Let n = -103 + 252. Calculate the remainder when n is divided by 15.
14
Suppose 2*p = 19 + 3. What is the remainder when 18/6 - (-17 + 0/(-1)) is divided by p?
9
Suppose 5*m + 4*b = -3, 4*m + 0*b + 2*b = 0. Let a(v) = 12*v**3 + 2*v**2 - v. What is the remainder when 38 is divided by a(m)?
12
Let g = -27 - -14. Let j = 2 - g. Calculate the remainder when j is divided by 4.
3
Let r(n) = n**2 + 20. Let g be r(0). Let f = 8 + g. Let w(p) = p + 5. What is the remainder when f is divided by w(5)?
8
Let w be 431/4 - (-1)/4. Suppose 4*c + 32 - w = 0. What is the remainder when c is divided by 5?
4
What is the remainder when 5 is divided by 7 - 8/(3 + -1)?
2
Suppose 6*n = 2*n + 104. Suppose -z - 4*u = -13, 5*z = 3*z + u + n. Suppose 14 = -2*a + 88. Calculate the remainder when a is divided by z.
11
Let z = -29 + 41. Calculate the remainder when 58 is divided by z.
10
Suppose 20 = 5*o - 0*o. Calculate the remainder when (1 + 0)/((-4)/(-68)) is divided by o.
1
Let n(g) be the third derivative of g**4/6 + 3*g**3/2 + 4*g**2. Suppose 60 = 5*c + h, -3*h = -5*h - 10. What is the remainder when n(7) is divided by c?
11
Let g = 1 - 5. Let d = 12 + g. What is the remainder when 30 is divided by d?
6
Let b be 2/(-6) + (-80)/(-24). Suppose 3*o + 8 - 35 = -3*d, b*d - 39 = -4*o. Suppose 8*x - o = 4*x. What is the remainder when 5 is divided by x?
2
What is the remainder when (120/32)/(1/4) is divided by 9?
6
Let w = -33 + 60. What is the remainder when w is divided by 5 - (-2 - 0/(-1))?
6
Let l be (-1)/(1/(-2)) - 0. Suppose -h = g, -h + 7*g = l*g - 18. Calculate the remainder when 1/(27/138) + (-2)/18 is divided by h.
2
Suppose 2*d = 4*b - 11 + 27, 3*d - 4*b - 24 = 0. Calculate the remainder when d is divided by 3.
2
Suppose -4*h + 7 = -3*a + 8*a, -h = -3*a + 11. Let u(j) = -j**2 + 2*j + 3. Let g be u(a). Let c(v) = v + 5. Calculate the remainder when 13 is divided by c(g).
3
Let w(q) = 12*q + 2. Calculate the remainder when w(3) is divided by 6.
2
Let z be (2/(-3))/(2/(-60)). Suppose -3*q + 8 = z. Let y = 15 + q. Calculate the remainder when y is divided by 6.
5
Suppose 3*b = -4*i + 67, 0*b - 131 = -5*b + 3*i. Suppose -b - 17 = -3*r. What is the remainder when 26 is divided by r?
12
Let o = 12 + 71. What is the remainder when o is divided by 28?
27
Suppose -y + 28 = -8. Let h = -4 + y. What is the remainder when h is divided by 17?
15
Let f = -140 + 152. What is the remainder when 35 is divided by f?
11
Suppose 37 = y - 13. Let l = 89 - y. What is the remainder when l is divided by 14?
11
Let l be (-8)/(-14)*(-21)/(-6). Let f(k) = -3*k + 2. Let u be f(l). What is the remainder when 35 is divided by 0 - 0 - (u - 8)?
11
Let f = 10 - 3. Calculate the remainder when (-81)/(-12)*((-264)/9)/(-11) is divided by f.
4
Suppose -6*h = -3*h - 375. Suppose g + 0*g = 4*k + 16, 3*g + 5*k - 116 = 0. What is the remainder when h is divided by g?
29
Let b = -26 + 47. Calculate the remainder when 61 is divided by b.
19
Suppose 6*l = 2*l - 12, 4*b - 35 = 5*l. Suppose -b*h + 54 = 5*u - 6, 2*u + 12 = h. What is the remainder when (1/2)/(11/484) is divided by h?
10
Let v(x) = x**3 - 5*x**2 - 3*x + 4. Let p be v(5). Let r = p - -39. Calculate the remainder when 83 is divided by r.
27
Let w = 12 + -9. Suppose 4*q = -t + 26, w*q + 4 = 4*q. Let k(m) = m**2 - 11*m + 11. Calculate the remainder when k(t) is divided by 1.
0
Let u be 6 - 3 - (1 - 0). What is the remainder when (u*-17)/(4 + -6) is divided by 9?
8
Suppose -w - 1 = -0*w. Calculate the remainder when 0 + 10*w*-5 is divided by 13.
11
Let n(r) = 2*r + 4. Let x be n(-3). Let q be x*-2*(-11)/4. Let l = q + 26. What is the remainder when 43 is divided by l?
13
Let x(n) = 7*n - 1. Suppose f + f = 14. Let m = f + -5. Calculate the remainder when x(m) is divided by 5.
3
Let k = -64 + 97. Let z = -22 + k. What is the remainder when z is divided by 4?
3
Let m = -5 - -12. Let t(o) = -o**2 + 9*o. Calculate the remainder when 53 is divided by t(m).
11
Suppose 202 = 2*m - 4*s, -5*m + 520 = -7*s + 2*s. Suppose m = y + 4*y + 4*u, 4*u = 5*y - 123. Calculate the remainder when y is divided by 1 - (0 + 2 + -7).
5
Let i be 6/(-4)*20/(-2). Suppose i = 3*p - 0*p. Suppose 3*o - 31 = 5. Calculate the remainder when o is divided by p.
2
Let i(q) be the second derivative of q**4/12 + 18*q**2 + q. Let o be i(0). Suppose -3*v + 0*v = -o. Calculate the remainder when 22 is divided by v.
10
Let c be (-828 + 0)*(2 - 3). What is the remainder when (-3)/2*c/(-27) is divided by 16?
14
Suppose 0 = -g - 54 + 63. Calculate the remainder when 24 is divided by g.
6
Suppose 0 = 5*h - 0 - 15. Suppose -2*m = -25 - 5. What is the remainder when (-3)/(-2)*58/h is divided by m?
14
Let p be 6/(-21) + 61/(-7). Let k(f) = -1 + 2 + 0 - 4*f. What is the remainder when k(p) is divided by 19?
18
Let r(u) be the second derivative of u**4/12 - u**3/6 - 7*u**2/2 - u. What is the remainder when r(7) is divided by 12?
11
Let s(w) = 5*w**2. Suppose -4*y - 2*j + 16 + 4 = 0, 0 = 2*y + 2*j - 12. Suppose 0*x + y*x = -4. What is the remainder when 8 is divided by s(x)?
3
Let v = 13 + 5. Let z(r) = 2*r**3 + r**2 - 3*r - 2. Calculate the remainder when z(3) is divided by v.
16
Suppose 6*o + 32 = 7*o. Calculate the remainder when o is divided by 17.
15
Suppose -3*t + 5 + 10 = 0. Suppose 0 = 6*k - t*k - 10. What is the remainder when 28 is divided by k?
8
Let t be 2*(-1)/4*-2. Suppose 0 = -2*x - 11 + t. What is the remainder when 34 is divided by (-2)/(-5) - 58/x?
10
Let x(k) = -k**2 - 3*k. Let s be x(-3). Suppose s*t - 72 = -2*t. Calculate the remainder when t is divided by 13.
10
Suppose 5*v + 25*o = 20*o + 50, 0 = 4*o - 20. Calculate the remainder when v is divided by (-2 + 0)/(-2)*2.
1
Let d(m) = 6*m - 2*m + 2 - 3*m. Calculate the remainder when d(6) is divided by 3.
2
What is the remainder when (-1)/(-4) - (-1)/(8/14) is divided by 2?
0
Let f(d) = 5*d - 13. Suppose 0 = 4*h - 3*q - 15, 18 - 3 = 3*h - q. What is the remainder when 65 is divided by f(h)?
14
Suppose 0 = 2*b - 4*b + 88. Suppose d - 7*i = -2*i + 8, i - 3 = 0. Calculate the remainder when b is divided by d.
21
Let d = 72 + -44. What is the remainder when 111 is divided by d?
27
Suppose u - 2*c - 12 = 0, 2*c + 110 = 5*u + 34. Let j = 2 - -